 43609
List the prime factors of 8963509144.
2, 241, 4649123
What are the prime factors of 2413563824?
2, 7, 21549677
List the prime factors of 21586299.
3, 7, 19, 54101
List the prime factors of 13664758.
2, 6832379
What are the prime factors of 55073480?
2, 5, 7, 11, 17881
List the prime factors of 274223521.
11, 13, 47, 40801
List the prime factors of 138443851.
7, 13, 1521361
List the prime factors of 97120761.
3, 19, 997, 1709
List the prime factors of 57645984.
2, 3, 11, 79, 691
What are the prime factors of 921207493?
523, 1063, 1657
What are the prime factors of 1649767577?
431, 3827767
List the prime factors of 77760100.
2, 5, 11, 223, 317
List the prime factors of 6746106.
2, 3, 1124351
What are the prime factors of 285997611?
3, 401, 237737
List the prime factors of 46303862.
2, 11, 43, 48947
List the prime factors of 361686960.
2, 3, 5, 23, 21841
What are the prime factors of 33552588?
2, 3, 191, 14639
What are the prime factors of 305753785?
5, 61150757
What are the prime factors of 877292941?
7, 53, 251, 9421
What are the prime factors of 863318971?
2521, 342451
What are the prime factors of 374575658?
2, 29, 271, 23831
List the prime factors of 420447452.
2, 23, 29, 59, 2671
What are the prime factors of 379742742?
2, 3, 23, 101917
What are the prime factors of 97879267?
367, 266701
What are the prime factors of 201462310?
2, 5, 7, 43, 66931
List the prime factors of 9430835.
5, 17, 110951
What are the prime factors of 895032086?
2, 13, 131, 262781
List the prime factors of 41699271.
3, 13899757
What are the prime factors of 34744208?
2, 571, 3803
What are the prime factors of 75455885?
5, 233, 239, 271
What are the prime factors of 147266220?
2, 3, 5, 2454437
List the prime factors of 48544823.
163, 431, 691
What are the prime factors of 1301300499?
3, 29, 14957477
What are the prime factors of 239114271?
3, 11, 43, 15319
What are the prime factors of 151601850?
2, 3, 5, 29, 11617
List the prime factors of 2214264220.
2, 5, 7, 71, 331, 673
List the prime factors of 589711852.
2, 147427963
What are the prime factors of 17499553?
2089, 8377
What are the prime factors of 85240229?
313, 272333
What are the prime factors of 885868408?
2, 47, 97, 107, 227
List the prime factors of 191050574.
2, 11, 13, 668009
List the prime factors of 6343979617.
6343979617
List the prime factors of 1117531086.
2, 3, 7, 26607883
List the prime factors of 124117341.
3, 41372447
What are the prime factors of 1909967278?
2, 3547, 269237
What are the prime factors of 460229473?
11, 43, 973001
List the prime factors of 697641555.
3, 5, 13, 3577649
What are the prime factors of 871402192?
2, 41, 1328357
List the prime factors of 84095748.
2, 3, 11, 19, 11177
What are the prime factors of 1413659592?
2, 3, 37, 530653
What are the prime factors of 4922579?
4922579
What are the prime factors of 776530080?
2, 3, 5, 17, 31721
What are the prime factors of 2159991113?
7, 308570159
What are the prime factors of 85078366?
2, 47, 599, 1511
List the prime factors of 601899497.
2003, 300499
List the prime factors of 1681908853.
29, 57996857
What are the prime factors of 598154769?
3, 66461641
List the prime factors of 116632225.
5, 317, 14717
What are the prime factors of 125067017?
125067017
What are the prime factors of 1795542468?
2, 3, 1327, 112757
List the prime factors of 5677018054.
2, 2838509027
List the prime factors of 74065108.
2, 13, 233, 6113
List the prime factors of 82015871.
7, 17, 167, 4127
What are the prime factors of 4297225424?
2, 23, 1571, 7433
What are the prime factors of 310444938?
2, 3, 23, 347, 2161
List the prime factors of 512902522.
2, 11, 23313751
What are the prime factors of 78017043?
3, 13, 877, 2281
List the prime factors of 981037111.
17909, 54779
What are the prime factors of 2460989658?
2, 3, 37, 41, 270379
List the prime factors of 84494891.
13, 41, 158527
List the prime factors of 13529735.
5, 43, 62929
What are the prime factors of 1881604596?
2, 3, 367, 427249
List the prime factors of 1303585965.
3, 5, 11, 83, 31729
List the prime factors of 1082631739.
7, 191, 809747
List the prime factors of 650561599.
650561599
List the prime factors of 645448517.
7, 23, 4008997
List the prime factors of 52206254.
2, 3313, 7879
List the prime factors of 38062326.
2, 3, 29, 218749
List the prime factors of 282725166.
2, 3, 139, 338999
What are the prime factors of 87611546?
2, 11, 19, 209597
What are the prime factors of 32366922?
2, 3, 7, 770641
What are the prime factors of 40606583?
29, 307, 4561
What are the prime factors of 108253550?
2, 5, 31, 211, 331
What are the prime factors of 763762970?
2, 5, 5701, 13397
List the prime factors of 245796744.
2, 3, 17, 109, 5527
What are the prime factors of 304428229?
7, 6212821
What are the prime factors of 3067013617?
167, 1811, 10141
List the prime factors of 143648434.
2, 1117, 64301
What are the prime factors of 2154057278?
2, 1109, 971171
List the prime factors of 2642457593.
2341, 1128773
List the prime factors of 47628198.
2, 3, 2646011
What are the prime factors of 127355080?
2, 5, 3183877
List the prime factors of 1553629187.
11, 401, 352217
List the prime factors of 486918324.
2, 3, 1987, 2269
What are the prime factors of 41151600?
2, 3, 5, 7, 23, 71
List the prime factors of 1242903047.
1242903047
List the prime factors of 173279788.
2, 11, 47, 83791
List the prime factors of 143929822.
2, 71964911
List the prime factors of 960739.
13, 263, 281
List the prime factors of 53596356.
2, 3, 11, 47, 53, 163
What are the prime factors of 1876775351?
11, 170615941
What are the prime factors of 271874186?
2, 233, 583421
List the prime factors of 42270610.
2, 5, 4227061
List the prime factors of 111522421.
233, 478637
What are the prime factors of 4474002646?
2, 31, 72161333
What are the prime factors of 16152931?
16152931
List the prime factors of 2010876959.
7, 13, 23, 960763
What are the prime factors of 272427700?
2, 5, 19, 127, 1129
List the prime factors of 171140749.
13, 181, 72733
What are the prime factors of 187662978?
2, 3, 211, 49411
List the prime factors of 154807596.
2, 3, 73, 58907
What are the prime factors of 1927799811?
3, 7, 10199999
What are the prime factors of 151139499?
3, 7, 7197119
What are the prime factors of 22835868?
2, 3, 11, 172999
What are the prime factors of 4767655544?
2, 739, 857, 941
List the prime factors of 4727527.
7, 37, 18253
List the prime factors of 3835092482.
2, 13, 643, 229399
What are the prime factors of 2448737070?
2, 3, 5, 13, 6278813
List the prime factors of 131296781.
7, 11, 1705153
What are the prime factors of 122653912?
2, 17, 53051
What are the prime factors of 24152008?
2, 1549, 1949
List the prime factors of 156823183.
11, 827, 17239
List the prime factors of 7706993078.
2, 17, 29, 7816423
List the prime factors of 4339754797.
7, 71, 8731901
What are the prime factors of 528931512?
2, 3, 2448757
List the prime factors of 358324372.
2, 7, 12797299
What are the prime factors of 654326654?
2, 139, 191, 12323
List the prime factors of 23618496.
2, 3, 11, 53, 211
List the prime factors of 651061051.
1153, 564667
What are the prime factors of 59376521?
73, 813377
What are the prime factors of 2321207942?
2, 2687, 431933
List the prime factors of 16164422.
2, 8082211
List the prime factors of 106339614.
2, 3, 571, 31039
List the prime factors of 3286351541.
11, 67, 113, 39461
List the prime factors of 11934670.
2, 5, 11, 108497
What are the prime factors of 2202695578?
2, 199, 5534411
List the prime factors of 125423245.
5, 523, 47963
List the prime factors of 14581799.
227, 64237
What are the prime factors of 70273035?
3, 5, 7, 74363
List the prime factors of 45235912.
2, 17, 332617
What are the prime factors of 239531763?
3, 191, 418031
What are the prime factors of 2068626759?
3, 17, 40561309
What are the prime factors of 118829042?
2, 59414521
List the prime factors of 4585168844.
2, 19, 60331169
What are the prime factors of 2108036243?
2108036243
What are the prime factors of 326575795?
5, 7, 13, 131, 5479
List the prime factors of 700298374.
2, 17, 20597011
List the prime factors of 888333552.
2, 3, 41, 379, 397
List the prime factors of 81042590.
2, 5, 109, 149, 499
What are the prime factors of 415378674?
2, 3, 227, 277, 367
